inder when 379329 is divided by 1256.
17
What is the remainder when 106195781 is divided by 428?
421
Calculate the remainder when 1107104 is divided by 276760.
64
What is the remainder when 2842540 is divided by 270?
250
Calculate the remainder when 16651653 is divided by 12.
9
What is the remainder when 24067 is divided by 23890?
177
What is the remainder when 6498842 is divided by 2166277?
11
What is the remainder when 109266 is divided by 338?
92
Calculate the remainder when 27777 is divided by 4251.
2271
Calculate the remainder when 120899 is divided by 17.
12
Calculate the remainder when 8473944 is divided by 8473930.
14
What is the remainder when 832333 is divided by 763?
663
Calculate the remainder when 442669 is divided by 70.
59
What is the remainder when 109618365 is divided by 103?
100
Calculate the remainder when 1415962 is divided by 539.
9
Calculate the remainder when 113064 is divided by 36855.
2499
What is the remainder when 251944 is divided by 687?
502
Calculate the remainder when 448614 is divided by 657.
540
What is the remainder when 30658194 is divided by 141936?
18
Calculate the remainder when 757493 is divided by 61.
56
What is the remainder when 552539 is divided by 1114?
1109
What is the remainder when 6639281 is divided by 99093?
50
What is the remainder when 116693 is divided by 22883?
2278
What is the remainder when 12045440 is divided by 56?
8
Calculate the remainder when 4545261 is divided by 52.
45
What is the remainder when 434629 is divided by 1194?
13
What is the remainder when 103931450 is divided by 117?
116
What is the remainder when 1232116 is divided by 3144?
2812
Calculate the remainder when 709453 is divided by 113.
39
What is the remainder when 2816503 is divided by 45427?
29
What is the remainder when 4650098 is divided by 788?
110
What is the remainder when 9042654 is divided by 3014207?
33
What is the remainder when 17510 is divided by 1237?
192
What is the remainder when 1570750 is divided by 314149?
5
What is the remainder when 168204772 is divided by 737?
736
Calculate the remainder when 137397 is divided by 1008.
309
Calculate the remainder when 837300825 is divided by 78.
75
What is the remainder when 44101723 is divided by 14700573?
4
Calculate the remainder when 3446788 is divided by 3366.
4
What is the remainder when 1759 is divided by 1271?
488
Calculate the remainder when 626125 is divided by 482.
7
Calculate the remainder when 111204958 is divided by 24.
22
Calculate the remainder when 13058719 is divided by 1622.
1619
What is the remainder when 27309327 is divided by 222?
219
What is the remainder when 138894 is divided by 19817?
175
What is the remainder when 10894453 is divided by 582?
577
What is the remainder when 112136 is divided by 17718?
5828
What is the remainder when 139902 is divided by 76?
62
Calculate the remainder when 61197 is divided by 30582.
33
Calculate the remainder when 225591 is divided by 2451.
99
Calculate the remainder when 698468 is divided by 1018.
120
Calculate the remainder when 5847062 is divided by 3727.
3126
What is the remainder when 2668267 is divided by 4616?
219
What is the remainder when 311271 is divided by 155551?
169
What is the remainder when 107055959 is divided by 358?
355
Calculate the remainder when 8243253 is divided by 879.
870
What is the remainder when 41807951 is divided by 8?
7
Calculate the remainder when 1610939576 is divided by 283.
281
Calculate the remainder when 4234639 is divided by 265.
204
What is the remainder when 428664 is divided by 42861?
54
What is the remainder when 24901 is divided by 4719?
1306
What is the remainder when 7513 is divided by 3369?
775
What is the remainder when 233844 is divided by 1732?
24
Calculate the remainder when 52718764 is divided by 8786455.
34
What is the remainder when 6527906 is divided by 4462?
0
Calculate the remainder when 24148541 is divided by 304.
301
What is the remainder when 1464121 is divided by 94?
71
What is the remainder when 41636292 is divided by 561?
555
Calculate the remainder when 383148 is divided by 95778.
36
What is the remainder when 554514 is divided by 952?
450
Calculate the remainder when 36228 is divided by 396.
192
Calculate the remainder when 15726525 is divided by 1572641.
115
What is the remainder when 5932289 is divided by 109857?
11
What is the remainder when 31315504 is divided by 15657743?
18
Calculate the remainder when 1516592 is divided by 1516182.
410
Calculate the remainder when 4649003 is divided by 13.
8
Calculate the remainder when 692431 is divided by 3763.
39
What is the remainder when 79779 is divided by 1110?
969
What is the remainder when 82871612 is divided by 1798?
1792
Calculate the remainder when 465438 is divided by 9.
3
Calculate the remainder when 30122014 is divided by 265.
259
What is the remainder when 6257356 is divided by 1251464?
36
Calculate the remainder when 23836425 is divided by 67.
36
Calculate the remainder when 3916776 is divided by 1108.
1104
Calculate the remainder when 323505 is divided by 6579.
1134
What is the remainder when 11750 is divided by 2929?
34
Calculate the remainder when 112334 is divided by 112324.
10
What is the remainder when 10023 is divided by 4719?
585
Calculate the remainder when 32024 is divided by 149.
138
What is the remainder when 2214005 is divided by 2333?
2321
Calculate the remainder when 286851 is divided by 71695.
71
What is the remainder when 873639 is divided by 872672?
967
What is the remainder when 89031 is divided by 7084?
4023
Calculate the remainder when 30114797 is divided by 50.
47
Calculate the remainder when 2006315 is divided by 80252.
15
Calculate the remainder when 2444076 is divided by 121.
118
What is the remainder when 296193 is divided by 4701?
30
Calculate the remainder when 167743 is divided by 27175.
4693
Calculate the remainder when 204079129 is divided by 4.
1
Calculate the remainder when 284697 is divided by 12368.
233
What is the remainder when 2127806 is divided by 382?
66
Calculate the remainder when 1148729223 is divided by 3709.
3706
Calculate the remainder when 26181 is divided by 1317.
1158
Calculate the remainder when 128178 is divided by 314.
66
What is the remainder when 72222 is divided by 5628?
4686
What is the remainder when 514842 is divided by 22384?
10
Calculate the remainder when 168999 is divided by 5813.
422
Calculate the remainder when 20995 is divided by 5999.
2998
Calculate the remainder when 1145981 is divided by 3673.
5
What is the remainder when 157967 is divided by 460?
187
What is the remainder when 107418 is divided by 5650?
68
What is the remainder when 2619536 is divided by 201?
104
What is the remainder when 1062528 is divided by 1068?
936
What is the remainder when 2053815 is divided by 415?
395
What is the remainder when 40588 is divided by 40565?
23
What is the remainder when 40703728 is divided by 71?
67
What is the remainder when 286149 is divided by 3446?
131
What is the remainder when 2864714 is divided by 18?
14
Calculate the remainder when 4323154 is divided by 35.
24
What is the remainder when 62283041 is divided by 31141520?
1
What is the remainder when 55935 is divided by 53215?
2720
Calculate the remainder when 362580 is divided by 242.
64
Calculate the remainder when 7982445 is divided by 8104.
5
What is the remainder when 1034018 is divided by 1280?
1058
What is the remainder when 43819308 is divided by 3129944?
92
What is the remainder when 62476423 is divided by 247?
243
What is the remainder when 224302 is divided by 1626?
1540
Calculate the remainder when 28015220 is divided by 581.
562
Calculate the remainder when 295849 is divided by 15570.
19
Calculate the remainder when 355342 is divided by 88230.
2422
Calculate the remainder when 2026894 is divided by 42226.
46
What is the remainder when 9015 is divided by 290?
25
Calculate the remainder when 998405 is divided by 372.
329
What is the remainder when 62351067 is divided by 74?
73
Calculate the remainder when 95780 is divided by 533.
373
What is the remainder when 1153548 is divided by 10583?
1
Calculate the remainder when 1219629 is divided by 2843.
2825
What is the remainder when 5852271 is divided by 13770?
21
What is the remainder when 475013 is divided by 2374